{"id":120,"date":"2022-07-04T14:54:12","date_gmt":"2022-07-04T14:54:12","guid":{"rendered":"https:\/\/fulkum.live-website.com\/?page_id=120"},"modified":"2022-07-04T14:55:41","modified_gmt":"2022-07-04T14:55:41","slug":"martinisingen","status":"publish","type":"page","link":"https:\/\/fulkum.de\/?page_id=120","title":{"rendered":"Ab der D\u00e4mmerung ist was los"},"content":{"rendered":"\n<p>Das sch\u00f6nste Fest f\u00fcr die Kinder ist am 10. November der Martini-Tag. Da ziehen sie mit der Laterne von Haus zu Haus und singen alte mitunter auch plattdeutsche Martinilieder.<\/p>\n\n\n\n<p>Die Laternen werden oft schon Tage vorher gebastelt, viele nehmen auch gekaufte Lichter. Die Jugendlichen verkleiden sich, setzen \u201eSkebeltskoppen&#8220; auf, wobei h\u00e4ufig die Verkleidung mit den Freundinnen und Freunden abgesprochen wird. Und dann treffen sie sich mit dem Dunkelwerden, ziehen von Haus zu Haus und singen ihre Lieder. Die Hausbewohner versammeln sich an der T\u00fcr, lauschen dem Gesang und belohnen die kleinen S\u00e4nger mit Keksen, S\u00fc\u00dfigkeiten und \u00c4hnlichem. Den gr\u00f6\u00dferen S\u00e4nger werden auch alkoholische Getr\u00e4nke eingeschenkt.<\/p>\n\n\n\n<p>Das Martinsfest, das urspr\u00fcnglich zum Andenken an den heiliggesprochenen Bischof Martin von Tours am 11. November begangen wurde, bekam in Ostfriesland nach der 300-Jahrfeier der Reformation 1517 einen neuen Inhalt. Von da an wurde nur noch Martin Luther, der \u201eLichtfreund und der Glaubensmann&#8220; gefeiert, \u201ede de Papst in Rom de Kroon offschlog&#8220;. So wurde denn auch der Martinstag mit dem Martinisingen auf 10. November, den Geburtstag des Reformators, vorverlegt.<\/p>\n","protected":false},"excerpt":{"rendered":"<p>Das sch\u00f6nste Fest f\u00fcr die Kinder ist am 10. November der Martini-Tag. Da ziehen sie mit der Laterne von Haus zu Haus und singen alte mitunter auch plattdeutsche Martinilieder. Die Laternen werden oft schon&#46;&#46;&#46;<\/p>\n","protected":false},"author":1,"featured_media":0,"parent":75,"menu_order":0,"comment_status":"closed","ping_status":"closed","template":"","meta":{"footnotes":""},"class_list":["post-120","page","type-page","status-publish","hentry"],"_links":{"self":[{"href":"https:\/\/fulkum.de\/index.php?rest_route=\/wp\/v2\/pages\/120","targetHints":{"allow":["GET"]}}],"collection":[{"href":"https:\/\/fulkum.de\/index.php?rest_route=\/wp\/v2\/pages"}],"about":[{"href":"https:\/\/fulkum.de\/index.php?rest_route=\/wp\/v2\/types\/page"}],"author":[{"embeddable":true,"href":"https:\/\/fulkum.de\/index.php?rest_route=\/wp\/v2\/users\/1"}],"replies":[{"embeddable":true,"href":"https:\/\/fulkum.de\/index.php?rest_route=%2Fwp%2Fv2%2Fcomments&post=120"}],"version-history":[{"count":1,"href":"https:\/\/fulkum.de\/index.php?rest_route=\/wp\/v2\/pages\/120\/revisions"}],"predecessor-version":[{"id":121,"href":"https:\/\/fulkum.de\/index.php?rest_route=\/wp\/v2\/pages\/120\/revisions\/121"}],"up":[{"embeddable":true,"href":"https:\/\/fulkum.de\/index.php?rest_route=\/wp\/v2\/pages\/75"}],"wp:attachment":[{"href":"https:\/\/fulkum.de\/index.php?rest_route=%2Fwp%2Fv2%2Fmedia&parent=120"}],"curies":[{"name":"wp","href":"https:\/\/api.w.org\/{rel}","templated":true}]}}